- 54. Let f be p(15). Is 4/(-1) - f/((-35)/5) a composite number?
True
Let j(g) = g**2 + 6*g - 14. Let q be j(-8). Let n be (q - 296)*(-9)/6. Suppose -a + 50 = -n. Is a composite?
False
Let y = -31654 + 17455. Let h = -8054 - y. Is h prime?
False
Suppose 12 = 4*p - 0. Suppose -p*q = -6*w + w + 8356, -q + 3 = 0. Is w composite?
True
Suppose -2*z - 2*z = -5*j - 9, 5*z = -j + 33. Let w be z/27 - (-125)/45. Suppose -p = -5*a + 3420, -w*p - 698 = -a - 0*a. Is a a prime number?
True
Let o(b) = 21767*b + 904. Is o(3) a prime number?
False
Suppose -7042 = -3*s + 2042. Let n = -21 + 13. Is s/n*(-16 - (-3 + 1)) composite?
True
Is ((-5)/15)/((-20)/2486580) composite?
False
Let v(m) = 263*m + 285*m + 377*m - 112. Is v(5) a prime number?
True
Let q(x) = 7490*x - 6542. Is q(12) a composite number?
True
Suppose -59*n = -14753820 - 3268025. Is n a prime number?
False
Is (-6)/(-9)*(1 - 132997/(-2)) a composite number?
True
Let f = 31 - 20. Suppose 3*l - 6*l = -5*n + f, n = -l - 1. Let v(i) = -27*i**3 - 3*i + 1. Is v(l) composite?
False
Suppose x = -2*u + 5*x - 4, 15 = 5*x. Let k = -4325 - -8174. Suppose 0 = -u*j + k - 565. Is j a composite number?
False
Let l(i) = -13*i - 112. Let s be l(45). Let h be ((-856)/(-6))/(8/60). Let j = s + h. Is j composite?
False
Let z(a) = a**3 + a + 2982. Let u be z(0). Suppose -2*k + 1039 - 306 = s, -2*k - u = -4*s. Is s a prime number?
True
Let i = -76981 + 202620. Is i prime?
True
Suppose -4 = -2*d + 2*o, 5 = -d - d + 5*o. Suppose 0 = g - d, -g = -5*c + 4*g. Suppose -10*r = -c*r - 4505. Is r prime?
False
Let i = 14 - 10. Let d(w) = 792*w**2 + 2 + i*w - 3 + 3 + 1. Is d(-2) a composite number?
False
Suppose -5*h + 1084730 = -v, 433869 = 14*h - 12*h - 5*v. Is h prime?
True
Is (27/6 - 3)*(14865632/48 + -20) a prime number?
True
Let b be (-46 + 3)*97/(-1). Let u = b + -2268. Suppose -5*d = -4*s - 6*d + 1514, 4*d = 5*s - u. Is s a composite number?
False
Let v(g) = 6*g**3 - 3*g + 2. Let y be v(1). Suppose y*t = 6*t - 521. Is t prime?
True
Suppose 0 = 49*l + 2*l - 10004619. Is l prime?
True
Let y be 30/(13 - 3)*163/3. Suppose -y*r + 160*r = -16617. Is r prime?
False
Suppose 9*q - 9*q - 836162 = -2*q. Is q a composite number?
True
Suppose 0*a + 80 = 4*m + 4*a, 3*m = -2*a + 56. Let d be (-333)/(0 - 12/m). Let v = 761 - d. Is v a composite number?
False
Let w be 21955 - (9 + 8 + -8). Suppose -6*j + w = -j + 3*n, 17549 = 4*j + 5*n. Is j prime?
True
Let d(z) = -z**2 + 2*z. Let f be d(2). Suppose 2*n + 4*b - 76 = f, 3*n + 6*b = b + 118. Suppose -n*v + 49*v - 7737 = 0. Is v a composite number?
False
Let v = -1586 + 794. Let g = -3676 + 107. Let w = v - g. Is w a composite number?
False
Let u(i) = 0*i - 63 - i + 77. Let c be u(11). Suppose c*w - 717 = 1374. Is w prime?
False
Let o = -28319 - -15837. Let j = -7285 - o. Is j composite?
False
Suppose -8 = -n - 5. Suppose -n*v + 3*b + 2910 = -0*v, v + 2*b - 961 = 0. Is v prime?
True
Suppose 4*m - 3*t - 40 = 0, -4*m + 0*t + 4*t = -44. Suppose -m*c = -0*c + 28. Is (c - -1)/(272/(-268) - -1) prime?
False
Let f(w) = 2490*w + 481. Is f(8) a prime number?
False
Suppose -4*s = -3*r - 41448, -4*r + 31855 = 5*s - 19955. Is (6/18)/((0 + 2)/s) a prime number?
False
Suppose -g - 877 = -2*y, -2603 = -12*g + 15*g + y. Let h = g + 4012. Is h a composite number?
True
Let p(s) = s**3 + 2*s**2 + 2. Let g be p(-2). Let h be 1 + (-4)/5 - 5264/(-5). Suppose b = -5*o + h, 0 = o + 4*b - g*b - 207. Is o a composite number?
False
Let k(p) = 41271*p + 694. Is k(9) a prime number?
False
Let w(u) be the third derivative of 11*u**5/60 + 41*u**4/12 - u**3 - 204*u**2. Is w(-13) a prime number?
True
Let l = -200 + 1602. Suppose 0*a - 2*a + l = 0. Is a a prime number?
True
Suppose 2*k = 5*c - 600133, -808*k - 1 = -809*k. Is c composite?
True
Suppose 6*h + v = 1913085, -1694*v + 6 = -1692*v. Is h a composite number?
True
Suppose 145*w + 548079 = 166*w. Is w a prime number?
True
Let m(o) = 34*o**3 - 13*o**2 - 25*o + 3. Let x be m(12). Let t = 79276 - x. Is t a prime number?
False
Let a(h) = 132 + 15*h - 83 + 27*h - 66. Let q(u) = 12*u**3 + u**2 - 1. Let i be q(1). Is a(i) prime?
True
Let g be (2 + -1)/(12/36). Suppose -5*q + 2*q - k - 5 = 0, 5*q - k = -g. Is q + 1318 + (12 - 14) composite?
True
Let f(j) = 23614*j**2 - 631*j - 1896. Is f(-3) a prime number?
False
Let l be 1375*(-24)/(-45)*(-12)/(-16). Let i = l + 188. Let h = 1073 - i. Is h composite?
True
Let v = -58938 + 109453. Is v a composite number?
True
Let m(y) = -y**3 + 95*y**2 + 160*y - 343. Is m(46) composite?
True
Suppose -5*t - 5*w + 15670 = 0, -2*t - 4*w + 3489 = -2775. Suppose 0 = 2*c + 2*g - 1873 - 1275, -2*g = -2*c + t. Is c a prime number?
True
Let i be 348/57 - 2/19. Suppose -i*c - 9 + 3 = 0. Is 991 + (-4 - -2)/c a prime number?
False
Let v be (-4)/(-9) + 580/(-90). Is (v/18)/(1/(-1986)) composite?
True
Is 6/((-2)/(-4) - 2) + 55572 + -7 composite?
True
Let k(n) = 362 - 175*n - 102*n - 125*n + 57*n. Is k(-13) a composite number?
True
Let z(q) = q**3 + 45*q**2 - 50*q - 175. Let m be z(-46). Is m/((-27)/12) - -7233 a prime number?
True
Let f be (-588)/1960 + 33453/10. Suppose -5*n = -15 - 10. Suppose -n*c = -0*c - r - f, 5*r = 0. Is c a composite number?
True
Suppose -14*r = -12*r + 42. Let d(j) = 44*j**2 - 8*j. Let g be d(2). Let m = g + r. Is m prime?
True
Let b = -29567 + 65430. Is b prime?
True
Let q = -4483 + 6534. Is q a prime number?
False
Let r = 89057 + -59268. Is r a prime number?
True
Is (-102)/85 - 4626672/(-10) - -5 composite?
True
Let t(r) = -3*r**3 - r**2 - r + 1. Let y be t(-1). Is y + (-2 - 9) + 9764 composite?
True
Suppose 105200 = 2*b + n, -n - 8 = 3*n. Is b a prime number?
False
Let h be ((-104181)/(-49))/(-3) + 6/(-21). Let o be 8/3 - 4/6. Is o + 2 - (0 + h) a prime number?
False
Suppose 14*q = 813370 + 190150. Let r = q - 41775. Is r a composite number?
True
Let f = -2950 + 5088. Let g be (-1 - -3)/((-4)/(-2702)). Let p = f - g. Is p composite?
False
Suppose 4*q - 2*a - 11254 = a, -a + 14058 = 5*q. Suppose -3*d = 5*m - q, -m + 0*m - d + 562 = 0. Is m composite?
False
Is 394/591 - (-251254)/12 - (-10)/4 prime?
False
Let g be 7 + (-6 - (-62)/10)*25. Let i(m) = -50*m - 38. Let s(t) = 25*t + 19. Let v(d) = 2*i(d) + 5*s(d). Is v(g) composite?
True
Let t(n) = 947*n + 9. Let p(f) = f**3 - 5*f**2 - 24*f + 2. Let h be p(8). Is t(h) composite?
True
Let h = 20 - 4. Let m be (-420)/770*44/6. Is 7*(783 - h/m) a prime number?
False
Suppose 0 = 4*u + 57*x - 52*x - 212223, 159169 = 3*u + 4*x. Is u prime?
True
Let y(s) = -s**3 - 3*s**2 - 126*s + 1208741. Is y(0) a composite number?
False
Let y be (-8)/(-42)*3 - 120/(-84). Let m(q) = 551*q - 20. Let h be m(y). Suppose j = -j + h. Is j prime?
True
Suppose 0 = 263*a - 219*a - 4309492. Is a composite?
False
Let p = 174 - 84. Is 0 + 700 + p/(-30) a composite number?
True
Let o(c) = 3*c**3 + 6*c**2 + 3*c - 11. Suppose 2*r = -4*q + 24, -4*q + 22 + 10 = 4*r. Suppose p + 4*t - 22 = 0, -3*p + t + r = -10. Is o(p) a prime number?
False
Let j = -717203 + 1250800. Is j composite?
True
Suppose f + 293 = -5*b, 368 = -4*f + 3*b - 735. Let c = 680 - f. Is c composite?
True
Suppose 0 = -22*y + 94323 + 388819. Is y composite?
False
Is 10/((-200)/340) - -397354 prime?
True
Let x = -57570 + 104775. Suppose 0 = -60*r + 69*r - x. Is r a prime number?
False
Let k be 7*(-13*6/(-7))/2. Suppose 0 = k*d - 143186 - 16675. Is d a prime number?
True
Suppose 8*x = 4*x + 2968. Suppose -33*b - 4*l = -32*b + 191, -3*b = 5*l + 587. Let v = x + b. Is v a composite number?
True
Let v(a) = 61 - a**3 + 6 - 16*a**2 + 11*a + 22*a - 48*a. Is v(-21) a composite number?
True
Let u be 12/(-18)*(-141)/(-2). Let d = u - -39. Is 1/(-8) - 6297/d prime?
True
Suppose -105*s - 9167351 = -56144456. Is s a prime number?
True
Let n be 4/(-3)*9/(-6)*-19. Let f = 40 + n. Suppose 0 = 3*u + f*q - 345, -3*q = -2*q - 3. Is u composite?
False
Let x = -20920 - -33113. Is x a prime number?
False
Let t be (-17 - -23) + ((-24)/(-3))/(-2). Is (-2 - t)*((-5951)/4 - -4) a composite number?
True
Suppose 3*k - 12 - 6 = 0. Is 5262 + 2*(-3)/k a composite number?
False
Suppose 612*n = 614*n - 6. Let q(i) = 316*i - 7. Is q(n) prime?
True
Let m be 0/(-2*4/8). Suppose m = 8*s - 40744 - 11968. Is s composite?
True
Suppose -17203685 = -700*a + 293048215. Is a a composite number?
Tru